4*t + 28. Calculate q(28).
28
Let c(r) = r**2 + 54*r - 416. Determine c(-61).
11
Let b(u) = 27*u + 1030. Give b(-40).
-50
Let w(k) = -5*k**3 - 123*k**2 - 52*k + 4. Determine w(-24).
-476
Let z(l) = -13*l + 613. What is z(31)?
210
Let g(w) = -w**2 - 16*w + 51. Give g(6).
-81
Let g(x) = -142*x + 570. Determine g(4).
2
Let i(l) = 1332*l - 10652. Give i(8).
4
Let l(g) = 236*g**2 - 1184*g + 14. Calculate l(5).
-6
Let c(o) = 170*o**2 + 2383*o - 19. Determine c(-14).
-61
Let i(p) = 3*p**2 + 68*p - 70. What is i(-22)?
-114
Let a(t) = t**3 + 22*t**2 - 22*t + 403. Determine a(-25).
-922
Let m(c) = -c**2 - 5*c - 11. What is m(12)?
-215
Let p(h) = -h**2 + 72*h + 72151. Give p(307).
6
Let t(i) = i**3 + 9*i**2 - 287*i - 31. What is t(-22)?
-9
Let c(w) = w**3 - 12*w**2 - 329*w + 1132. What is c(-15)?
-8
Let w(a) = -6*a**2 - 530*a - 1208. Calculate w(-86).
-4
Let c(j) = j**3 - 15*j**2 - 60*j + 45. Determine c(-4).
-19
Let o(l) = l**2 - 16*l - 162. What is o(25)?
63
Let k(d) = 18*d**2 - 146*d - 3. Determine k(8).
-19
Let b(k) = -9*k**2 + 25*k + 115. What is b(-5)?
-235
Let n(v) = -v**3 + 21*v**2 + 7*v - 28. What is n(0)?
-28
Let i(z) = 2*z**2 + 15*z + 75. What is i(-15)?
300
Let g(v) = 2*v**2 - 14*v + 96. What is g(0)?
96
Let k(g) = -22*g - 640. Determine k(-29).
-2
Let i(q) = 5*q**2 + 25*q + 8. Calculate i(-8).
128
Let h(o) = -2*o**3 - 64*o**2 + 214*o + 18. What is h(-35)?
-122
Let v(w) = -4*w**2 - 81*w - 70. What is v(-15)?
245
Let j(c) = -4311*c - 8633. Give j(-2).
-11
Let r(d) = 32*d**2 - 255*d - 70. Calculate r(8).
-62
Let c(k) = -k**3 + 10*k**2 - 103*k + 1030. What is c(10)?
0
Let j(g) = 2*g**3 + 22*g**2 + 194*g + 2090. What is j(-11)?
-44
Let c(q) = 24*q + 349. What is c(-26)?
-275
Let z(c) = c**3 - 6*c**2 - 660*c + 5151. What is z(8)?
-1
Let z(d) = 384*d + 20008. Give z(-52).
40
Let y(a) = 4*a**2 + 374*a + 175. Determine y(-93).
-11
Let p(h) = 47*h**2 - 83*h - 85. Calculate p(-1).
45
Let b(w) = -111*w - 13737. Calculate b(-124).
27
Let k(y) = -5*y**2 - 259*y + 400. Give k(-53).
82
Let o(a) = -4*a**3 + 23*a**2 + 4*a + 10. Determine o(6).
-2
Let p(b) = -386*b - 3071. What is p(-8)?
17
Let g(j) = j**3 + 12*j**2 - 79*j + 76. Determine g(-17).
-26
Let z(b) = -997*b + 4991. What is z(5)?
6
Let t(y) = -859*y - 7755. Calculate t(-9).
-24
Let y(r) = -17*r**2 - 94*r + 43. Give y(-6).
-5
Let l(u) = 184*u + 1505. Determine l(-8).
33
Let d(c) = -16*c**3 + 101*c - 103. What is d(1)?
-18
Let g(j) = -j**2 - 193*j - 7815. Calculate g(-136).
-63
Let g(q) = 54*q - 1464. What is g(27)?
-6
Let o(s) = 12*s**3 + 2948*s**2 - 985*s - 258. What is o(-246)?
-12
Let a(t) = -268*t - 38. Give a(0).
-38
Let y(s) = -2*s**3 - 39*s**2 - 19*s - 6. Give y(-19).
-6
Let p(q) = 6*q + 21. Give p(0).
21
Let g(p) = 297*p + 3473. Determine g(-12).
-91
Let j(y) = -2*y**3 - 23*y**2 - 59*y - 9. What is j(-4)?
-13
Let k(f) = -1620*f**2 + 11345*f - 5. Give k(7).
30
Let h(p) = p**2 - 161*p + 5918. Calculate h(104).
-10
Let n(g) = -g**3 - 12*g**2 + 21*g - 111. Calculate n(-14).
-13
Let x(c) = 2*c**3 + 9*c**2 - 28*c - 124. What is x(-4)?
4
Let w(j) = -j**2 + 6*j - 370. Calculate w(23).
-761
Let f(y) = -12*y**2 - 42*y + 227. Give f(6).
-457
Let h(p) = 552*p + 9920. Give h(-18).
-16
Let b(h) = h**3 - 46*h**2 - 8*h + 376. What is b(46)?
8
Let o(m) = 16*m**2 + 246*m - 132. What is o(-16)?
28
Let c(v) = 9*v - 173. Give c(-15).
-308
Let j(z) = z**3 + 22*z**2 + 35*z - 83. Give j(-20).
17
Let p(k) = -k**2 + 88*k + 1024. Calculate p(98).
44
Let k(z) = -z**3 + 21*z**2 + 61*z - 821. Calculate k(22).
37
Let c(x) = 6*x**2 + 90*x - 2753. What is c(15)?
-53
Let q(i) = 29*i - 103. Give q(6).
71
Let v(r) = r**2 - 215*r - 6809. Give v(-28).
-5
Let h(l) = -l**3 + l**2 + 36*l + 17. Give h(-8).
305
Let y(m) = -94*m + 2131. Determine y(23).
-31
Let h(g) = -g**2 + 17*g + 62. Determine h(30).
-328
Let v(i) = -4*i**3 + 345*i**2 - 75*i - 967. What is v(86)?
-21
Let d(a) = -13*a + 12. What is d(5)?
-53
Let y(j) = -j**3 + 24*j**2 - 91*j + 580. What is y(21)?
-8
Let p(v) = v**2 + 10*v - 340. Determine p(15).
35
Let i(f) = f**3 - 10*f**2 + 25*f + 4. What is i(5)?
4
Let w(m) = 2*m**3 + 54*m**2 + 2*m + 111. Determine w(-27).
57
Let z(m) = -3659*m + 43911. What is z(12)?
3
Let b(d) = 5*d**3 - 3*d**2 + 5*d + 22. What is b(-2)?
-40
Let j(x) = 2*x**3 - 20*x**2 + 19*x - 15. Calculate j(9).
-6
Let v(j) = 69*j - 267. Give v(3).
-60
Let m(p) = -2*p**3 - 13*p**2 - 5*p + 30. What is m(-5)?
-20
Let k(l) = 7*l + 17. Calculate k(-2).
3
Let s(w) = -107*w**2 + 3*w - 4. Calculate s(1).
-108
Let p(n) = -360*n**2 - 5402*n - 24. Determine p(-15).
6
Let f(h) = h**2 + 50*h + 536. Determine f(-15).
11
Let u(o) = -13*o**3 - 246*o**2 + 18*o + 4. Determine u(-19).
23
Let b(q) = 1427*q - 42813. Determine b(30).
-3
Let z(b) = b**2 - 25*b - 1969. What is z(63)?
425
Let d(s) = -10*s**3 + 10*s**2 - 19*s + 4. What is d(2)?
-74
Let c(b) = -9*b**2 - 396*b + 2. Calculate c(-44).
2
Let q(h) = h**2 - 28*h - 169. Calculate q(-6).
35
Let x(d) = -78*d + 1901. Calculate x(24).
29
Let a(j) = -j**3 + 59*j**2 - 172*j + 158. Determine a(56).
-66
Let i(d) = -4*d**3 + 1120*d**2 + 9*d - 2550. Determine i(280).
-30
Let c(j) = -3*j**2 - 898*j - 2994. What is c(-296)?
-34
Let w(r) = -r**3 - 24*r**2 + 59*r + 214. Give w(-26).
32
Let v(m) = -m**2 - 33*m - 102. Determine v(-28).
38
Let p(f) = 98*f - 1170. Calculate p(12).
6
Let q(g) = -10*g + 127. Determine q(13).
-3
Let p(a) = -48*a - 3114. Calculate p(-65).
6
Let i(o) = 13*o - 23. Calculate i(9).
94
Let j(k) = 5564*k + 33395. Determine j(-6).
11
Let w(j) = -5*j + 183. Determine w(26).
53
Let r(v) = v**3 - 13*v**2 + 28*v + 27. Calculate r(8).
-69
Let j(p) = 28*p - 21. Give j(5).
119
Let m(s) = 59*s**2 + 15*s + 32. Determine m(-3).
518
Let g(y) = -11*y**2 - 4*y + 47. Give g(7).
-520
Let p(v) = -4328*v + 38948. Give p(9).
-4
Let l(c) = c**3 - 79*c**2 - 240*c + 12781. Determine l(80).
-19
Let j(l) = -l**3 + 48*l**2 + 59*l - 383. Calculate j(49).
107
Let o(i) = -11*i - 4. Give o(-6).
62
Let h(v) = -3*v**2 + 13*v + 94. Calculate h(8).
6
Let n(z) = -z**2 + 21*z + 46. Calculate n(19).
84
Let y(i) = -i**3 + 27*i**2 + 28*i + 1. Give y(28).
1
Let t(u) = -5*u + 50. What is t(11)?
-5
Let m(q) = 42*q**2 - q - 11. Determine m(-2).
159
Let m(s) = -s**3 - 17*s**2 - 21*s - 15. What is m(-15)?
-150
Let z(u) = -2*u**3 - 3*u**2 + 53*u + 39. What is z(-7)?
207
Let i(s) = -s**3 - 12*s**2 - 15*s - 69. What is i(-9)?
-177
Let l(i) = -2*i**3 - 7*i**2 + 149*i - 9. What is l(7)?
5
Let g(o) = -o**3 + 41*o**2 - 14*o - 1043. What is g(40)?
-3
Let z(u) = -u**2 + 155*u - 2201. Determine z(16).
23
Let p(j) = j**3 + 3*j**2 - 13*j + 31. Give p(-6).
1
Let n(y) = -5*y**3 + 7*y**2 + 96*y - 33. What is n(5)?
-3
Let d(i) = 26*i - 293. Give d(7).
-111
Let t(u) = -5*u**2 - 78*u - 81. Determine t(-1).
-8
Let p(k) = -2*k**3 - 45*k**2 - 99*k - 22. Calculate p(-20).
-42
Let u(x) = -2*x**2 - 111*x - 791. Calculate u(-47).
8
Let s(m) = m**2 - 5*m - 99. Calculate s(10).
-49
Let k(c) = 9*c**2 + 97*c + 92. What is k(-5)?
-168
Let k(w) = w**3 - 4*w**2 - 9*w + 8. Give k(-5).
-172
Let h(j) = 11*j**3 + 88*j**2 - 66*j - 561. Calculate h(-8).
-33
Let j(k) = 3*k**2 + 62*k + 2. What is j(0)?
2
Let s(f) = -f**3 + 8*f**2 + 179*f + 16. Calculate s(-10).
26
Let x(g) = 7*g**2 - 68*g - 40. Determine x(6).
-196
Let y(w) = -w**3 + 22*w - 15. Give y(-7).
174
Let u(t) = -3*t**3 + 32*t**2 + 17*t - 74. Determine u(11).
-8
Let h(w) = 2*w**2 + 12*w - 26. Give h(8).
198
Let p(y) = -8*y**2 - 13*y - 10. Give p(3).
-121
Let a(y) = -y**2 - 91*y - 2031. Determine a(-52).
-3
Let r(k) = 7146*k - 28578. What is r(4)?
6
Let n(l) = 157*l + 6606. Give n(-42).
12
Let z(w) = -1023*w - 162664. Give z(-159).
-7
Let r(a) = 284*a**2 - 13*a - 13. Determine r(-1).
284
Let b(f) = -4*f**3 - 83*f**2 + 49*f + 591. What is b(-21)?
3
Let y(i) = -i**3 - 19*i + 46. What is y(7)?
-430
Let n(b) = b**3 + 23*b**2 - 43*b - 14. What is n(2)?
0
Let l(y) = -271*y - 1359. Calculate l(-5).
-4
Let d(f) = 7*f**2 + 334*f - 97. Give d(-48).
-1
Let z(l) = l**3 - 8*l**2 + 4*l + 27. What is z(6)?
-21
Let s(h) = -h**3 - 52*h**2 + 164*h - 622. Calculate s(-55).
-567
Let d(y) = 2775*y - 24974. Calculate d(9).
1
Let o(h) = -3*h**2 + 74*h + 32. What is o(25)?
7
Let o(p) = 2*p**3 + 33*p**2 + 3*p - 188. Determine o(-16).
20
Let g(t) = t**2 - 11*t - 3. 